g) is divided by 18?
16
Let y = 102 - 61. What is the remainder when y is divided by 7?
6
Suppose -2*i = 2*l - 0*l - 40, 5*i + 2*l - 91 = 0. What is the remainder when 65 is divided by i?
14
Let u(r) be the first derivative of r**4/4 + r**2/2 + 9*r + 3. Let q be (-5)/(15/6) - -2. Calculate the remainder when u(q) is divided by 5.
4
Suppose 2*s = -5*w + 68, 5*s - 15 = -4*w + 36. Suppose -3*k + 174 = -4*i, 210 = 6*k - 2*k + 2*i. What is the remainder when k is divided by w?
12
Let b = 2 - -3. Suppose -8 = -b*u + 62. What is the remainder when 2/1 - (-75)/3 is divided by u?
13
Suppose 0 = -19*u + 10*u + 297. Calculate the remainder when u is divided by 15.
3
Suppose 26 + 1 = w - 2*h, -4*h = 3*w - 81. Suppose 3*j - 695 = -5*l, 4*j = 4*l + 2*j - 534. Calculate the remainder when w is divided by l/10 - (-2)/5.
13
Let s(f) = f + 10. Calculate the remainder when 5 is divided by s(-7).
2
Let c be (114/(-18))/(1/3). Let n(l) = l**3 + 20*l**2 + 18*l - 11. What is the remainder when 39 is divided by n(c)?
7
Let j(l) = l**2 + 7*l - 1. Calculate the remainder when 44 is divided by j(3).
15
Suppose 9*f - 4*f - 5 = 0. Suppose 2*t - 5*y - 19 = -0*y, -2*t + y + 7 = 0. What is the remainder when t is divided by f?
0
Suppose -20*i + 205 = -15*i. What is the remainder when i is divided by 14?
13
Suppose -5*y = -4*y + 5, 3*y = -2*b - 1. Suppose -2*p - o + 17 = 0, 0*o + 4*o - 5 = p. Suppose p*v - 16 = 3*v. Calculate the remainder when b is divided by v.
3
Let s(o) = o**3 - 5*o**2 + 4*o + 2. Let i be s(4). Suppose -i*t - 71 = -5*t - 4*q, t - 4*q = 45. Calculate the remainder when t is divided by 15.
14
Suppose 3*f + 2*w = 72, -4*f + 0*w = -5*w - 96. What is the remainder when f is divided by 9?
6
Let p = 17 - 9. Let r(m) = m**3 + 11*m**2 + 7*m - 7. Calculate the remainder when r(-10) is divided by p.
7
Suppose 72 = 5*v - 8*v. Let g = 40 + v. What is the remainder when 46 is divided by g?
14
Let r be (-2 + 20/8)*-58. Let a = 44 + r. Calculate the remainder when a is divided by 4.
3
Let v(a) = 7*a**2 + 12*a + 2. Calculate the remainder when 104 is divided by v(-3).
17
Suppose 0 = 3*w - 6*d + 10*d - 189, 0 = -4*w + 4*d + 252. What is the remainder when w is divided by 33?
30
Let w(f) be the second derivative of 7/12*f**4 - f - 1/6*f**3 + 1/2*f**2 + 0. Calculate the remainder when w(2) is divided by 14.
13
Suppose -138 = -5*u + 2*u. Calculate the remainder when u is divided by 12.
10
Let o(q) = q**3 + 8*q**2 - 10*q - 3. Let z be 1/((-1)/18*2). Suppose 57*u = 54*u + 51. What is the remainder when u is divided by o(z)?
5
Let o = 98 - 12. What is the remainder when o is divided by 22?
20
Let y = -17 - -26. Calculate the remainder when 70 is divided by 159/y - (-2)/6.
16
Calculate the remainder when (-1 - 0)/(2/(-136)) + 4 is divided by 15.
12
Suppose -29 = -5*i + 1. Calculate the remainder when 6 is divided by -6*1*(-4)/i.
2
Suppose 0 = 6*u - 5 - 49. What is the remainder when 17 is divided by u?
8
Let z = 89 - 81. Let x = 81 - 58. Calculate the remainder when x is divided by z.
7
Suppose -7*l + 392 = l. What is the remainder when l is divided by 17?
15
Let x(p) = 1 + 15*p - 6 - 5*p + 4. Let t(h) = h**2 - h + 17. What is the remainder when x(5) is divided by t(0)?
15
Let y = 80 - 173. Calculate the remainder when (y/9)/((-2)/6) is divided by 11.
9
Calculate the remainder when 1*(3 - (-2 - -2)) is divided by 3.
0
Let p = 13 - 5. What is the remainder when 19 is divided by p?
3
Let o be -7 - ((-8)/(-4) + -5). What is the remainder when (35 + o + 0)/1 is divided by 8?
7
Suppose -3*g - k + 15 + 25 = 0, g - 4*k = 9. Let z = 142 + -97. Let y = z - 20. Calculate the remainder when y is divided by g.
12
Let f(n) = n**3 - 8*n**2 + 8*n - 1. Let d be 6 + 6/(6/(-2)). Suppose 5*q + p = 31, 0 = -2*q + d*p + 35 - 5. Calculate the remainder when 16 is divided by f(q).
4
Suppose 5*c + 46 = 221. Let j = 7 + 5. What is the remainder when c is divided by (-76)/(-6) - j/18?
11
Let t = -1 - -8. Let q = t + 59. Calculate the remainder when q is divided by 17.
15
Let n be 50/8 + 2/(-8). Let z = 8 + n. Calculate the remainder when 26 is divided by z.
12
Suppose -z + 18 = -3. Let y(q) = 1 - 42*q + 42*q - 12*q**3 - 2*q**2. What is the remainder when z is divided by y(-1)?
10
Let d(x) = -2*x + 12. Let o be d(5). Suppose 2*y = 3*j + 35, -4*y + o*j + j + 73 = 0. What is the remainder when y is divided by 7?
5
Let p = 93 + -62. Let o = -41 - -57. What is the remainder when p is divided by o?
15
Suppose 36 = 6*y - 3*y. Calculate the remainder when 32 is divided by y.
8
Let x = 67 - 153. Let r = x + 157. Calculate the remainder when r is divided by 18.
17
Let n(g) = -6*g + 64. What is the remainder when n(10) is divided by 1?
0
Let a(y) = y - 147. Let v be a(0). Let x = -89 - v. Calculate the remainder when x is divided by 15.
13
Let x = 37 - 19. Let b(z) = 6*z - 2. Suppose -5*i + 18 = -4*g, -4 = -2*i + g + 2. What is the remainder when x is divided by b(i)?
8
Let c be (-33)/3 + 2/2. Let b = c + 48. Calculate the remainder when b is divided by 10.
8
Suppose -g = -0*g. Let b be g + 0 + 4/2. Let l = b - -4. What is the remainder when l is divided by 4?
2
Suppose 6*t - u - 53 = t, -5*t - u + 57 = 0. What is the remainder when 31 is divided by t?
9
Suppose 0*p = 4*p - 12. Suppose p*d - 2*d = 14. Calculate the remainder when 39 is divided by d.
11
Let j = 98 + -17. Calculate the remainder when j is divided by 17.
13
Suppose -f + 48 = 4*j - 5*f, 5*j - 69 = 2*f. Calculate the remainder when 58 is divided by j.
13
Let t = 53 - -22. Suppose -3*d + 63 + t = 0. Suppose g = 3*g - d. Calculate the remainder when g is divided by 12.
11
Let u(t) = -t**3 + 8*t**2 + 2*t - 12. What is the remainder when u(8) is divided by 3?
1
Let x = 23 + -13. Let y = -6 + x. What is the remainder when y is divided by 2?
0
Let z(d) = d**2 - 2*d. Let k be z(2). Let o = 9 - -8. Calculate the remainder when o is divided by 7 + (1 + k - 2).
5
Let z(c) = -2*c**3 + c**2 + 2*c. Let a = -11 - -9. Calculate the remainder when 47 is divided by z(a).
15
Suppose 3*c - 2*c = 5*p + 2, 0 = c + 4*p - 2. Let y(q) = q**3 + 5*q**2 + 7*q + 6. Let s be y(-4). Let n = 7 + s. What is the remainder when c is divided by n?
0
Suppose 3*y - 5*y = -16. Calculate the remainder when y is divided by 3.
2
Suppose -3*x - 2*x + 3*n = -126, 4*x + 4*n - 88 = 0. Suppose 0*u = u - 70. What is the remainder when u is divided by x?
22
Suppose b = 5*b + 136. Suppose u + 61 = -0*u - 3*a, -4*u - 212 = -4*a. Let o = b - u. Calculate the remainder when 41 is divided by o.
20
Let l(m) be the second derivative of 0 - 3*m - 1/3*m**3 - 1/2*m**2. What is the remainder when l(-12) is divided by 6?
5
Let v = 75 - 25. Calculate the remainder when 248 is divided by v.
48
Let h(c) = -2*c - 16. Let s be h(-10). Suppose -s*g = 4*w - 172, g - 19 = 4*w + w. Calculate the remainder when g is divided by 10.
9
Suppose 0*l = -u - 3*l - 8, u + 3 = 2*l. Let o(c) = -c**2 - 8*c - 5. What is the remainder when 19 is divided by o(u)?
9
Let x be (-217 - 3)*(-3)/6. Suppose x = q + q. Suppose -n = -6*n + 95. Calculate the remainder when q is divided by n.
17
Suppose 0 = -0*u + 4*u - 140. Calculate the remainder when u is divided by (-176)/(-10) - (-2)/5.
17
Let k(f) = f**2 + 7*f - 7. Let a be k(-6). Let i = a + 19. Let m(o) = 3*o - 7. What is the remainder when 32 is divided by m(i)?
10
Suppose -5*k - 2*l + 3 = 0, -3*l - 7 = -19. Let f be (-8 - -4)*(2 + k). Let d(g) = -g**2 - 7*g + 1. What is the remainder when 38 is divided by d(f)?
12
Let p(z) = z**3 - 2*z**2 + z + 1. Let r be p(2). Suppose 5*u = -3*i + 3*u + 120, r = -u. What is the remainder when i is divided by 22?
20
Let a = 41 + -21. What is the remainder when 57 is divided by a?
17
What is the remainder when (1 - -4)*12/10 is divided by 4?
2
Let x(o) = -5*o - 16. Calculate the remainder when 73 is divided by x(-7).
16
Let b(k) = k**3 - 2*k**2 - 2*k - 4. Let h be b(3). Let r = 2 - 4. What is the remainder when h/((-3)/(-90)*r) is divided by 8?
7
Suppose -4*b + 5*i - 3*i + 198 = 0, 3*b + 2*i = 152. Calculate the remainder when b is divided by 8/6*(-117)/(-6).
24
Let i(u) = 11*u**2. What is the remainder when 41 is divided by i(1)?
8
Suppose 5*d - 27 = 4*k, -3*d - 4*k + 43 = 2*d. Let o(a) = 2*a - 10. Let j = 11 - 4. What is the remainder when j is di